{"id":17360,"date":"2023-10-12T09:08:41","date_gmt":"2023-10-12T09:08:41","guid":{"rendered":"https:\/\/piemontecase.com\/?page_id=17360"},"modified":"2023-10-12T09:45:26","modified_gmt":"2023-10-12T09:45:26","slug":"rustici-casali","status":"publish","type":"page","link":"https:\/\/piemontecase.com\/index.php\/rustici-casali\/","title":{"rendered":"Rustici e Casali"},"content":{"rendered":"\n<p class=\"has-black-color has-text-color has-medium-font-size\">Rustici e casali nelle splendide regioni di Alba, Langhe, Roero e Monferrato. <br>La nostra missione \u00e8 quella di aiutare i nostri clienti a trovare la loro oasi di tranquillit\u00e0 in mezzo alle affascinanti colline piemontesi, offrendo un&#8217;ampia selezione di propriet\u00e0 rurali ricche di carattere e storia.<\/p>\n","protected":false},"excerpt":{"rendered":"<p>Rustici e casali nelle splendide regioni di Alba, Langhe, Roero e Monferrato. La nostra missione \u00e8 quella di aiutare i nostri clienti a trovare la loro oasi di tranquillit\u00e0 in mezzo alle affascinanti colline piemontesi, offrendo un&#8217;ampia selezione di propriet\u00e0 rurali ricche di carattere e storia.<\/p>\n","protected":false},"author":1,"featured_media":0,"parent":0,"menu_order":0,"comment_status":"closed","ping_status":"closed","template":"template\/template-listing-grid-v2-fullwidth-4cols.php","meta":{"content-type":"","om_disable_all_campaigns":false,"_monsterinsights_skip_tracking":false,"_monsterinsights_sitenote_active":false,"_monsterinsights_sitenote_note":"","_monsterinsights_sitenote_category":0,"footnotes":""},"class_list":["post-17360","page","type-page","status-publish","hentry"],"aioseo_notices":[],"_links":{"self":[{"href":"https:\/\/piemontecase.com\/index.php\/wp-json\/wp\/v2\/pages\/17360","targetHints":{"allow":["GET"]}}],"collection":[{"href":"https:\/\/piemontecase.com\/index.php\/wp-json\/wp\/v2\/pages"}],"about":[{"href":"https:\/\/piemontecase.com\/index.php\/wp-json\/wp\/v2\/types\/page"}],"author":[{"embeddable":true,"href":"https:\/\/piemontecase.com\/index.php\/wp-json\/wp\/v2\/users\/1"}],"replies":[{"embeddable":true,"href":"https:\/\/piemontecase.com\/index.php\/wp-json\/wp\/v2\/comments?post=17360"}],"version-history":[{"count":4,"href":"https:\/\/piemontecase.com\/index.php\/wp-json\/wp\/v2\/pages\/17360\/revisions"}],"predecessor-version":[{"id":17375,"href":"https:\/\/piemontecase.com\/index.php\/wp-json\/wp\/v2\/pages\/17360\/revisions\/17375"}],"wp:attachment":[{"href":"https:\/\/piemontecase.com\/index.php\/wp-json\/wp\/v2\/media?parent=17360"}],"curies":[{"name":"wp","href":"https:\/\/api.w.org\/{rel}","templated":true}]}}